Suppose 2*r + 5*b - 11 = 8, -3*r = 3*b - 15. Suppose 7 = 3*k - 14. Suppose r + k = 3*w. Calculate the highest common factor of 33 and w.
3
Suppose -2*t - 14*u = -19*u - 180, 0 = t - 3*u - 90. What is the highest common divisor of t and 414?
18
Suppose -2480 = -5*x + 2*m, 5*x - 4*m = 3325 - 845. Calculate the highest common divisor of 93 and x.
31
Let n be 11/3 - 6/9. Suppose -n*g - 4*l + 7 = 0, 5*g - l + 4*l - 30 = 0. Let o(i) = i**2. Let y be o(1). What is the greatest common divisor of y and g?
1
Suppose 3*h + 9 = 0, 4*d + 3*h + h = -348. Let z be ((-8)/(-4))/((-3)/d). Let u be (z/(-21))/((-3)/63). What is the highest common factor of u and 28?
28
Let b be (28/10)/(2/10). Let u be ((-20)/8)/((-1)/b). Let j = -864 - -878. Calculate the greatest common factor of j and u.
7
Suppose -834 = -7*l - 15. Calculate the greatest common factor of 39 and l.
39
Let h be (-2)/5 + (-22)/(-55). Suppose 5*y + 4*u + 1441 = h, 5*u = 3 + 2. Let r = 509 + y. What is the greatest common factor of r and 20?
20
Let t = -6 + 2. Let g be (-42)/t*64/24. Suppose k - 80 = -g. What is the highest common factor of k and 13?
13
Let m be (97/2)/((-7)/(-28)). Let s be m/7 - (-6)/21. Let v be ((-12)/(-16))/(12/64). Calculate the highest common divisor of s and v.
4
Let n be (5*-2)/(2/(-5)). Suppose 0*g + 125 = g. Calculate the highest common divisor of g and n.
25
Let c be 1/(-4)*0 + 3. Suppose -21 = -4*j + c. Calculate the greatest common factor of j and 30.
6
Let l = 673 + -663. Calculate the highest common divisor of l and 8.
2
Suppose 4*a = -i + 41 + 41, -5*a + 350 = 5*i. What is the greatest common divisor of i and 36?
6
Let p = -52 - -55. Suppose 243 = -p*o + 12*o. What is the greatest common factor of 63 and o?
9
Let s(g) = g**3 - 38*g**2 + 137*g + 58. Let d be s(34). What is the highest common divisor of d and 736?
92
Suppose 8*n + n = 90. What is the highest common factor of n and 160?
10
Let k be 0 + (-1 - 0) + 4. Let h(p) = 3*p**2 + 8*p + 3. Let n be h(-3). What is the highest common divisor of k and n?
3
Let v = 23 - 160. Let z = 213 + v. Suppose 176 = 4*d + z. Calculate the highest common divisor of 10 and d.
5
Suppose 3*b - 315 = -3*a, 6*a + 189 = 8*a - 5*b. Calculate the highest common factor of a and 6.
6
Let h(p) = 4*p**2 + p. Let u be h(-1). Let x = 0 + u. Suppose -7*a + 5*k + 49 = -5*a, -5*k - 25 = 0. Calculate the highest common divisor of x and a.
3
Let q(n) = n**2 + 14*n - 12. Let g be q(-15). Suppose -2*f = 2*l + l - 81, 0 = 5*f - g*l - 150. Let r = 25 + -14. What is the highest common divisor of f and r?
11
Suppose 4*v = -717 + 873. Calculate the greatest common factor of 169 and v.
13
Let h = -6 + 17. Suppose -h = -2*q + 57. Let y = q - 19. What is the greatest common factor of 30 and y?
15
Suppose -3*m + a + 1 = -41, 2*m + 4*a = 28. Suppose -2*o + 476 = -5*d, 4*o - 189*d + 187*d = 952. Calculate the greatest common factor of o and m.
14
Let o be (-9)/(-6)*8/6. Let w(d) = -6*d - 49. Let g be w(-9). Suppose -2*u = -4*y + 10, 5*u = g*y - 0*y. What is the greatest common divisor of o and u?
1
Let h = 11 + -4. Suppose -4*n = -2*d, -4*d - 3*n = -h - 26. What is the highest common divisor of d and 30?
6
Let k be (-2)/(-4) + 5/((-70)/(-1099)). Let u = 88 - k. What is the highest common divisor of 99 and u?
9
Let f = 8 + -1. Suppose 0 = -9*c + 6*c + 15. Suppose -k - c*v - 30 = -6*k, -4*k - 5*v + 33 = 0. Calculate the highest common factor of f and k.
7
Suppose 0 = 4*p - 3*f - 0*f - 297, 3*f + 9 = 0. What is the highest common factor of 16 and p?
8
Let q = -92 + 131. Suppose 6 = 2*n, -3*r + q = r - 3*n. Let v be 106 - -2 - (-1 - -1). What is the highest common divisor of v and r?
12
Let m = -129 + 132. Suppose 3*s = 4*z + 77, 2*z - 28 = s - m*s. What is the greatest common divisor of s and 76?
19
Suppose 2*t + 68 = -2*u, u = 6*u + 20. Let a = t - -51. Let z = 37 - a. What is the greatest common divisor of 64 and z?
16
Let k(f) = -5*f**2 + 11*f - 3. Let r be k(2). Let m be r*(-10)/((12/(-8))/(-3)). Let l be 1 + 0 + (0 - -7). What is the greatest common factor of l and m?
4
Let k(r) = r**3 - 10*r**2 + 11*r + 4. Let w be k(8). Let o be -8 + w + (2 - 5). Let g = -33 - o. Calculate the highest common divisor of 154 and g.
14
Let s = -53 + 169. What is the greatest common factor of s and 87?
29
Suppose 5 = 13*c - 8. Calculate the highest common divisor of c and 49.
1
Suppose 0 = -2*w + 13*w - 165. What is the highest common factor of w and 255?
15
Let s be -3*((-126)/27 - (1 + 4)). Calculate the greatest common divisor of s and 29.
29
Suppose 0 = -8*b + 58 + 1118. Suppose 0 = -b*u + 145*u + 48. Calculate the highest common divisor of u and 36.
12
Let g be 254/21 + 4/(-42). Let d = -1 - -37. Calculate the highest common factor of g and d.
12
Suppose 0 = -u + 3, 4*x - 47 - 44 = -5*u. Let i(w) = w**3 - 19*w**2 - w + 23. Let f be i(x). What is the highest common divisor of 44 and f?
4
Suppose 0 = 3*t + 3*o - 174, 6*t - 2*t = 4*o + 264. Suppose 43 = 2*v + 5*q, -t = -5*v + q + 5. Calculate the greatest common factor of 56 and v.
14
Let t be 1/(1/3) - 0. Suppose 0 = 7*o - 3444 + 3339. What is the greatest common divisor of t and o?
3
Let r be 468/312*(2 + 0). Calculate the greatest common factor of 219 and r.
3
Suppose -z = -3*n + 1347, 0 = 19*n - 15*n - 4*z - 1804. What is the greatest common factor of 14 and n?
14
Let c be (90/(-40))/((-3)/16). Let r = c + -9. Calculate the highest common divisor of 24 and r.
3
Suppose -2*h = 2*c - 62, -3*h + 3*c = c - 108. Suppose -4*x + 6*x - h = 0. Calculate the highest common factor of 85 and x.
17
Let z be (-3)/(-8) - (-24)/(-64). Suppose -4*j - s + 108 = -j, z = -j - 2*s + 36. What is the greatest common factor of j and 90?
18
Let d(l) = -14*l + 9. Let i be d(-9). Let a be (-1 - 0 - -6)*(4 + -1). Calculate the highest common divisor of i and a.
15
Let a be (-48)/(-6) - 2 - (-2)/(-1). Suppose -5*m + 113 = -a*m - 3*d, 5*m - 2*d - 526 = 0. Calculate the highest common factor of m and 8.
8
Suppose -421 = -3*y + j + 432, 0 = -5*y - 3*j + 1431. Let r = -159 + y. Calculate the greatest common divisor of r and 14.
14
Suppose -32*i + 35*i - 87 = 0. Let o = i + -17. Let y(l) = -l**3 - 7*l**2 + 8*l + 12. Let u be y(-8). Calculate the greatest common divisor of o and u.
12
Let r(u) = -5*u. Let q be r(-3). Let v(l) = 3 - 5*l + 4 + 2*l - 6. Let z be v(-3). What is the greatest common factor of q and z?
5
Let k(c) = 5*c - 3. Let d be k(-1). Let l = -6 - d. Let y be (-16 + 15)/(1 - l). What is the highest common factor of y and 1?
1
Suppose 0 = 3*p - 4*d - 343, 31*p + 5*d - 509 = 27*p. Suppose -2*y = 3*s - 28, -2*s + 1 + 3 = 0. What is the greatest common factor of p and y?
11
Suppose -3*m + m = -72. Let a(s) = s**3 + 2*s + 3. Let l be a(3). Calculate the greatest common divisor of m and l.
36
Let g = -245 + 263. What is the greatest common factor of g and 12?
6
Suppose -3*p - 2*s + 258 = 0, -4*p + 489 - 134 = -s. Calculate the highest common factor of p and 616.
88
Suppose 168*d - 210 = 158*d. Let j be 64/12*(-63)/(-2). Calculate the highest common divisor of d and j.
21
Let k(a) = 135*a**2 - 18*a + 32. Let u be k(2). What is the greatest common divisor of 201 and u?
67
Let f = 71 - 26. Let t = f - 21. Let v be (6/(-18))/((-1)/9). Calculate the highest common factor of v and t.
3
Suppose 26 = 3*p - 2*o, 0 = -p - 4*o + 28 + 4. Let c(x) = -2*x - 6. Let j be c(-6). What is the highest common factor of p and j?
6
Let x be (-8)/68 - 30/34. Let t be 410/18 + 33/27 + x. Calculate the greatest common divisor of t and 184.
23
Suppose 3*b = 3*l - 57, -b - 83 = -5*l - 0*l. Suppose 2*v - l = 5*y, 0 = 5*y - 7 - 13. Suppose 224 = 3*a - 154. Calculate the greatest common factor of v and a.
18
Let j = 4 - 3. Let a be j*(-4 + (-9)/(-1)). What is the greatest common divisor of 35 and a?
5
Let m(j) = j + 13. Let r be m(-6). Suppose -5*k - 4*w = -265, 4*k = -w - 2*w + 211. What is the greatest common divisor of r and k?
7
Let o be 4/(-8)*1*(0 + -178). What is the greatest common divisor of 89 and o?
89
Let x = 220 - -118. Let d(y) = 4*y + 2. Let v be d(6). What is the greatest common divisor of x and v?
26
Let i(d) = d + 1. Let w be i(3). Suppose w*k = 581 - 37. Let z be 53/3 - (-4)/(-6). What is the greatest common factor of z and k?
17
Let h = 644 - -76. Calc